Rapporti NOAA
Select a Year or Month report
Report for 2024
Annual Climatological Summary for 2024
Name: Stefhf Stazione meteo City: Meda (MB) State: Italy
Elevation: 221 m Lat: N 45° 07' 13" Lon: E 009° 16' 07"
Temperature (°C), Heat Base: 18,3 Cool Base: 18,3
Dep. Heat Cool Max Max Min Min
Mean Mean From Deg Deg >= <= <= <=
YR MO Max Min Mean Norm Days Days Hi Date Low Date 27,0 0,0 0,0 -18,0
------------------------------------------------------------------------------------
24 1 9,3 0,0 3,9 0.0 446 0 18,0 27 -5,3 22 0 0 19 0
24 2 13,4 3,9 8,2 0.0 293 0 18,1 19 -1,5 2 0 0 2 0
24 3 14,9 6,5 10,6 0.0 238 1 21,0 21 1,2 25 0 0 0 0
24 4 18,8 7,6 13,3 0.0 170 20 28,5 14 1,3 19 1 0 0 0
24 5 19,8 14,1 15,7 0.0 2 0 19,8 1 14,1 1 0 0 0 0
24 6
24 7
24 8
24 9
24 10
24 11
24 12
------------------------------------------------------------------------------------
15,2 6,4 10,3 0.0 1151 21 28,5 apr -5,3 gen 1 0 21 0
Precipitation (mm)
Dep. Max Days of Rain
From Obs. >=
YR MO Total Norm Day Date 0,2 2,0 20,0
---------------------------------------------
24 1 45,8 0.0 30,4 5 16 4 1
24 2 153,2 0.0 28,6 9 17 8 4
24 3 158,2 0.0 31,2 10 18 14 3
24 4 71,0 0.0 21,2 22 14 9 1
24 5 3,6 0.0 3,6 1 1 1 0
24 6
24 7
24 8
24 9
24 10
24 11
24 12
---------------------------------------------
431,8 0.0 31,2 mar 66 36 9
Wind Speed (m/s)
Dom
YR MO Avg. Hi Date Dir
------------------------------
24 1 0,1 7,6 19 ESE
24 2 0,1 8,5 24 E
24 3 0,1 8,0 3 E
24 4 0,1 12,5 10 E
24 5 0,0 4,5 1 SSE
24 6
24 7
24 8
24 9
24 10
24 11
24 12
------------------------------
0,1 12,5 apr E
Select a Year or Month report
Report for 2024
Annual Climatological Summary for 2024 Name: Stefhf Stazione meteo City: Meda (MB) State: Italy Elevation: 221 m Lat: N 45° 07' 13" Lon: E 009° 16' 07" Temperature (°C), Heat Base: 18,3 Cool Base: 18,3 Dep. Heat Cool Max Max Min Min Mean Mean From Deg Deg >= <= <= <= YR MO Max Min Mean Norm Days Days Hi Date Low Date 27,0 0,0 0,0 -18,0 ------------------------------------------------------------------------------------ 24 1 9,3 0,0 3,9 0.0 446 0 18,0 27 -5,3 22 0 0 19 0 24 2 13,4 3,9 8,2 0.0 293 0 18,1 19 -1,5 2 0 0 2 0 24 3 14,9 6,5 10,6 0.0 238 1 21,0 21 1,2 25 0 0 0 0 24 4 18,8 7,6 13,3 0.0 170 20 28,5 14 1,3 19 1 0 0 0 24 5 19,8 14,1 15,7 0.0 2 0 19,8 1 14,1 1 0 0 0 0 24 6 24 7 24 8 24 9 24 10 24 11 24 12 ------------------------------------------------------------------------------------ 15,2 6,4 10,3 0.0 1151 21 28,5 apr -5,3 gen 1 0 21 0 Precipitation (mm) Dep. Max Days of Rain From Obs. >= YR MO Total Norm Day Date 0,2 2,0 20,0 --------------------------------------------- 24 1 45,8 0.0 30,4 5 16 4 1 24 2 153,2 0.0 28,6 9 17 8 4 24 3 158,2 0.0 31,2 10 18 14 3 24 4 71,0 0.0 21,2 22 14 9 1 24 5 3,6 0.0 3,6 1 1 1 0 24 6 24 7 24 8 24 9 24 10 24 11 24 12 --------------------------------------------- 431,8 0.0 31,2 mar 66 36 9 Wind Speed (m/s) Dom YR MO Avg. Hi Date Dir ------------------------------ 24 1 0,1 7,6 19 ESE 24 2 0,1 8,5 24 E 24 3 0,1 8,0 3 E 24 4 0,1 12,5 10 E 24 5 0,0 4,5 1 SSE 24 6 24 7 24 8 24 9 24 10 24 11 24 12 ------------------------------ 0,1 12,5 apr E